- 3*n = b. What is the tens digit of f?
7
Let h(c) = 63*c + 19073. What is the ten thousands digit of h(0)?
1
Let b(p) = -20*p**2 + 6*p + 9. Suppose 10*k + 26 = 8*k. Let g(c) = -41*c**2 + 13*c + 19. Let v(o) = k*b(o) + 6*g(o). What is the units digit of v(2)?
3
Let g(i) = 1. Let f(y) be the second derivative of -y**3/6 - 7*y**2 - 5*y - 1. Let l(m) = -f(m) - 4*g(m). What is the tens digit of l(14)?
2
Let o(d) = -9*d + 14*d - 2*d**3 + 6*d**2 + 18 + 18*d**2 - 52*d. What is the tens digit of o(9)?
8
Let i(q) = q**3 + 6*q**2 - 4*q - 17. Let b be i(-6). What is the tens digit of (6208/56 + 2)*b?
9
Suppose -3*k + 0*k = o + 56, -2*o - 92 = 5*k. Let w(q) = -q**3 - 19*q**2 - 2*q - 10. Let h be w(k). What is the tens digit of 8/(-12) - h/(-15)?
2
What is the hundreds digit of ((-27)/(-4))/(-12 - (-930840)/77568)?
8
What is the hundreds digit of (608/342)/(6/27) - -83862?
8
Suppose -81*h + 78*h = 222. Let o = h - -79. What is the hundreds digit of 202/5*25/o?
2
Let n(y) = -y**3 + 15*y**2 - 8*y - 43. Let k be n(14). Let j = 572 - k. What is the tens digit of j?
3
Suppose 22*a - 149752 - 401392 = 0. What is the hundreds digit of a?
0
Suppose -5*f - 4*m = -7*f + 11966, -f = 4*m - 6007. What is the hundreds digit of f?
9
Suppose g = -g + 18. What is the units digit of 42/g*159/2?
1
Let c be -154 - (0 - 2)*(-33)/22. Let d = -92 - c. Suppose -2*u + 3*g = -157, u + 2*g + g = d. What is the tens digit of u?
7
Suppose 102*u - 115*u - 27786788 = -344*u. What is the units digit of u?
8
Let m = 4 - 2. Suppose 0 = -m*v + 2*a - 292, -2*v + a - 434 = v. Let h = v + 245. What is the units digit of h?
1
Let p(n) = n + 41. Let q be 205/(3 + 2) - 2. Suppose 26*z = 29*z + q. What is the units digit of p(z)?
8
Let t(x) = -2*x**3 + 17*x**2 + 11*x - 17. Let z be t(9). Let k(i) = 821*i - 13. What is the units digit of k(z)?
8
Let k = 155 - 96. Let v = -68 - -214. Let t = v - k. What is the tens digit of t?
8
Let h(p) = 1566*p**2 + 28*p. What is the tens digit of h(-3)?
1
Suppose 28 = -48*t + 124. Suppose -2992 = t*o - 6*o - 5*n, -3*o + 2244 = -3*n. What is the units digit of o?
8
Suppose 4*m - 1469 - 5515 = 5*v, -4*v = -16. Suppose -656 = g - m. What is the tens digit of g?
9
Let v be -1*4*76/(-16). Let o(n) = n**2 - 11*n - 1. Let f be o(v). Suppose 8*w - 433 = f. What is the units digit of w?
3
Let p(v) = -v**2 - 37*v + 4. Suppose 80 = -5*m + 3*w + 2*w, 22 = -m + 3*w. Let b be p(m). Let g = b - 189. What is the units digit of g?
7
Let t = 20 - -341. Suppose 74 = -t*y + 362*y. What is the units digit of y?
4
Suppose 51*v - 160740 = 6*v - 7245. What is the thousands digit of v?
3
Suppose -15*y + 70759 = -10*y + b, -4*y - b = -56608. What is the thousands digit of y?
4
Let u(f) = -f + 82. Let k(o) = 81. Let m(g) = -4*k(g) + 5*u(g). What is the units digit of m(-22)?
6
Suppose -30*y = -966251 - 179813 - 400556. What is the units digit of y?
4
Let q be 28/35*4665/6. Suppose -27*m - q = -11665. What is the tens digit of m?
0
Let k = -23 - -28. Let r be (-68)/(-3)*(-2 + k - 6). Let z = r - -88. What is the units digit of z?
0
Let w = 5880 + -4625. What is the units digit of w?
5
Let w(l) = -11 - 1 - 3*l + 36*l**2 - 14*l**2. What is the units digit of w(-3)?
5
Suppose 23*j - 37847 - 26024 = 0. What is the hundreds digit of j?
7
Let p(h) = -h**3 + h**2 + 6*h - 9. Let a be p(-6). Suppose m + 138 = 2*m. Let t = a - m. What is the units digit of t?
9
Let m(p) = 6101*p**2 - 21*p - 21. What is the tens digit of m(-2)?
2
Let y(x) = x**3 + 2*x**2 - 7*x + 5. Let u be y(-4). Suppose t + 6 = 2. What is the units digit of u + (-1)/(t/736*2)?
3
Let b = -4323 + 9796. What is the hundreds digit of b?
4
Let i(g) = 4*g - 31. Let h be i(7). Let u be 21*h*(-10)/45. Suppose -3*o - u*o = -2397. What is the units digit of o?
1
Let x = 50 - 55. Let r be x + (-1885)/(-25) + (-4)/10. What is the units digit of (394/10 - (-42)/r) + -3?
7
Let t(u) = -45*u**2 - 12*u - 5. Let a(m) = -m**2. Let d(k) = 6*a(k) - t(k). What is the hundreds digit of d(2)?
1
What is the thousands digit of (1 - 0/3)/(116/236176)?
2
Let d(p) = 4*p**3 + p - 225. Let r(n) = -525*n**2 - 2*n - 7*n**3 + 525*n**2 + 132 + 319. Let c(s) = 5*d(s) + 3*r(s). What is the hundreds digit of c(0)?
2
Suppose -f - 2 = -0*m + m, -3*m - 4*f = 5. Let o be (683 + -5)*m/(-6). Let a = o + -211. What is the tens digit of a?
2
Suppose -15*a + 17*a = 1134. Suppose 4*b - a = -5*i, 19 - 4 = -3*i. What is the tens digit of -4 + 16/4 + b?
4
Let k = -7293 - -16105. What is the units digit of k?
2
Let b = 673 + 165. What is the tens digit of -2 + (b/1 - 6)?
3
Let i(c) = 23372*c**2 - 160*c - 160. What is the hundreds digit of i(-1)?
3
Let z = -58 - -54. What is the units digit of -2*(-10)/z + 265?
0
Suppose -13*b = -12*b - 3. Suppose 0 = -b*r + 82 + 125. Let m = 149 - r. What is the tens digit of m?
8
Let u be -1*(7 + -13 + 3). Suppose u*r = 6, 8*g - 548 = 6*g - 2*r. What is the hundreds digit of g?
2
Let b(u) = 31*u**2 + 81*u - 237. What is the hundreds digit of b(13)?
0
Let l = -33 + 41. Let w be 636/l + 1/2. Suppose -87*k + 92*k - w = 0. What is the units digit of k?
6
Suppose -15*l + 0*l + 28*l - 230178 = 0. What is the tens digit of l?
0
Let a(f) = 236*f**2 + 5. Let v(q) = 236*q**2 + 4. Let x(m) = -3*a(m) + 4*v(m). Let z be x(1). Let b = z - 142. What is the tens digit of b?
9
Suppose -348 = -16*z + 13*z. Let b be (30/9)/(2/3). Suppose -2*p + b*l + z = 0, 3*p + 2*l = -l + 132. What is the tens digit of p?
4
Suppose 4*k - 8 = -20. Let z be -2 - -2 - k - (2 + -1). What is the units digit of (-93)/z*16/(-6)?
4
Let d(s) = 938*s**2 - 51*s + 229. What is the hundreds digit of d(5)?
4
Suppose -5*m + 415808 - 10284 = -3*j, -3*m + j = -243308. What is the tens digit of m?
0
Let d = 8532 - -2696. What is the tens digit of d?
2
Let c = 3831 + -1866. What is the tens digit of c?
6
Suppose -11*x = -4*x + 5348. Let o = -528 - x. Let a = o + -90. What is the hundreds digit of a?
1
Let l(u) = u + 232. Let m(c) = -11*c - 77. Let g be m(-7). What is the hundreds digit of l(g)?
2
Let q(h) = -2*h**3 - 20*h**2 - h - 45. Let o(p) = -p**3 + p + 1. Let a(n) = 3*o(n) - q(n). Let t(m) = 22*m - 2. Let r be t(1). What is the tens digit of a(r)?
2
Let d = 44623 - 17137. What is the hundreds digit of d?
4
Let c be (-1606)/(-8) + (-17)/(-68). Let d = 785 - c. What is the units digit of d?
4
Let d(r) = -14*r**3 + 2*r + 1. Let s be d(-1). Suppose 2*g - s = 17. What is the tens digit of g?
1
Let z = -39017 + 97074. What is the ten thousands digit of z?
5
Suppose 37*g - 42*g = -3*f + 22757, g + 37965 = 5*f. What is the hundreds digit of f?
5
Suppose -5*b + 5*i = -1145, -3*i - 689 = -3*b - i. Let d be (2/3)/((-14)/b). Let v(q) = -8*q + 22. What is the tens digit of v(d)?
1
Let s = -116 + 63. Let n = s - -56. Suppose 2*b = n*b - 5, -m + 2*b = -38. What is the tens digit of m?
4
Let m(v) = v**3 - 43*v**2 + 83*v - 37. Let t be m(41). Suppose -t*w - 146 = -5*r + 7044, r + 3*w - 1457 = 0. What is the thousands digit of r?
1
Let k(x) = x**2 + 13*x - 12. Let g be k(9). Suppose -2*z + 96 + 44 = -4*n, 5*n + 3*z = -g. Let i = 7 - n. What is the units digit of i?
3
Let n = 2603 + -1487. Suppose 0 = -q + 10*q - n. What is the hundreds digit of q?
1
Let a(w) = -3*w + 65. Suppose 41*t = 6*t + 175. What is the units digit of a(t)?
0
Let l(c) = 183 - 3*c + 0*c - 12 + 4*c - 11*c. What is the units digit of l(9)?
1
Let f = 21677 + -12585. What is the thousands digit of f?
9
Suppose -24*u + 26*u - 12 = 0. What is the hundreds digit of ((-3728)/u)/(-2) + (-5)/(-15)?
3
Let m(h) = -26 + 12*h**2 + 38 - 2*h**3 + 13*h + h**3. Let u be m(13). Let l = 24 - u. What is the tens digit of l?
1
Let c = 26 - 15. Suppose -c*d + 10*d = -156. What is the hundreds digit of d?
1
Suppose 3*b - 2*b = 5, 3*h - b = 53950. What is the tens digit of h?
8
Suppose 39963 = 3*x + 101*r - 105*r, 0 = 3*x - r - 39945. What is the tens digit of x?
1
Suppose 0 = -3*z + 3*l + 309, 3*z - 8*l - 304 = -4*l. Suppose 3*t - 4*r = 47 + 9, -5*t + 3*r = -z. Suppose -29*i + 310 = -t*i. What is the tens digit of i?
6
Let p be 2603/285 - ((-51)/(-45) - 1). Suppose -3912 = -3*n - p*n. What is the units digit of n?
6
Let f(g) = 0*g + 6*g + 41 - 7*g + 12*g. Let z be f(8). Suppose -1779 - z = -9*o. What is the units digit of o?
2
Suppose -5*x - 16 = -0*x + 4*l, 5*l